 what is -103 + 21323?
21220
In base 6, what is 4 + -122145?
-122141
In base 8, what is -7350 - -11?
-7337
In base 12, what is 1 - -9064?
9065
In base 2, what is -100 - 1000101011110001?
-1000101011110101
In base 11, what is 6070 + -20?
6050
In base 7, what is -311253 + -24?
-311310
In base 5, what is 20413134 + 14?
20413203
In base 3, what is 220022 + -11212?
201110
In base 11, what is -549272 - -5?
-549268
In base 4, what is 2211310 + 12?
2211322
In base 13, what is -38c2 + 3?
-38bc
In base 13, what is -7 - -bb644?
bb63a
In base 4, what is -11 - -132000002?
131333331
In base 6, what is -1320 + 200530?
155210
In base 14, what is -a3b + 10?
-a2b
In base 16, what is e902 - 1?
e901
In base 8, what is 44142 + -1?
44141
In base 4, what is -1 - -1212330?
1212323
In base 3, what is -10 + -100202210?
-100202220
In base 8, what is 5 + -17230?
-17223
In base 7, what is 166100 + 5?
166105
In base 10, what is -4159 + -7?
-4166
In base 4, what is -1 + 30121213?
30121212
In base 16, what is 48f - -43?
4d2
In base 16, what is -4 - 13c35?
-13c39
In base 3, what is 12100112212 - -12?
12100120001
In base 12, what is -27b887 - 5?
-27b890
In base 8, what is -4 + 21371?
21365
In base 7, what is 162 + -11466?
-11304
In base 15, what is -2a - 74d?
-778
In base 15, what is -3 - 331b?
-331e
In base 7, what is 406024 + -35?
405656
In base 5, what is 102 - 2221?
-2114
In base 13, what is 9a - -24bc?
2589
In base 3, what is -102 - -10011201?
10011022
In base 6, what is 542420 + 4?
542424
In base 3, what is -2201101112 + -121?
-2201102010
In base 11, what is -6 + 216249?
216243
In base 4, what is 2201213 + 1?
2201220
In base 14, what is -5d2c + -42?
-5d70
In base 16, what is -3 - 45c2?
-45c5
In base 6, what is -401 + 413?
12
In base 6, what is -13120511 + -3?
-13120514
In base 16, what is -5de - -1a?
-5c4
In base 3, what is 10010120 + 1210?
10012100
In base 14, what is -29 - 68bb?
-6906
In base 10, what is 134858 + 4?
134862
In base 9, what is -4262 + 8?
-4253
In base 4, what is 10302123 + -1131?
10300332
In base 5, what is 142 + -3204?
-3012
In base 4, what is -133032 - -2230?
-130202
In base 9, what is 3483 + 2?
3485
In base 13, what is 3 + -1198b?
-11988
In base 12, what is -1abb - 332?
-2231
In base 2, what is 111110 - -101101001?
110100111
In base 4, what is -20 - 2021023232?
-2021023312
In base 5, what is -30 - -121304444?
121304414
In base 4, what is 3 + 2101011?
2101020
In base 3, what is 1020222 + 222?
1021221
In base 14, what is -b6c - 50?
-bbc
In base 16, what is 67 + -10c2?
-105b
In base 16, what is 12 - 481?
-46f
In base 4, what is 23021 - -33?
23120
In base 3, what is 20112 + -20112?
0
In base 2, what is -1100111110111 + -110100110?
-1101110011101
In base 5, what is -1232 + -130432?
-132214
In base 12, what is -12 + 1b5a?
1b48
In base 4, what is -1323 + 310331?
303002
In base 5, what is 2032 + 233?
2320
In base 8, what is 130 - -46476?
46626
In base 8, what is -13021 + 27?
-12772
In base 10, what is -253546 - 2?
-253548
In base 4, what is 1320330233 - -11?
1320330310
In base 2, what is -1001111011 + 11110000111?
10100001100
In base 4, what is 0 - 1212323112?
-1212323112
In base 11, what is 1 + -209a?
-2099
In base 13, what is -6089 + -14?
-60a0
In base 9, what is 16 + -101237?
-101221
In base 8, what is 5716 - 75?
5621
In base 8, what is -12225 + -6?
-12233
In base 3, what is -100 + 11010200120?
11010200020
In base 3, what is 11 - -2202111011?
2202111022
In base 11, what is -10 + 472?
462
In base 16, what is -5 - -50b?
506
In base 13, what is 6b31 + -3?
6b2b
In base 15, what is 3 - -5964?
5967
In base 16, what is 8b7fe + 4?
8b802
In base 2, what is -1000101000001 + 110?
-1000100111011
In base 4, what is 100 - 100223?
-100123
In base 12, what is 214 + -39b6?
-37a2
In base 10, what is 21547 - 32?
21515
In base 12, what is -3 + -556516?
-556519
In base 8, what is 5246 - -1?
5247
In base 5, what is 0 + 414333044?
414333044
In base 6, what is 1001 - 1530?
-525
In base 6, what is 1 - -302011?
302012
In base 11, what is -149 - 432?
-580
In base 14, what is -75 - -11?
-64
In base 11, what is -4 - -2a497?
2a493
In base 10, what is -5450 - -12?
-5438
In base 10, what is -520 + 3367?
2847
In base 9, what is 5 - 16341?
-16335
In base 12, what is -739 + 40?
-6b9
In base 7, what is 26050 - -4?
26054
In base 10, what is 41694 - -1?
41695
In base 15, what is 16b32 - 7?
16b2a
In base 3, what is -112 + 1002202?
1002020
In base 15, what is 4 + 321c?
3221
In base 8, what is 4436 + -70?
4346
In base 7, what is 3442 - 203?
3236
In base 2, what is 11100 - -101100001110011?
101100010001111
In base 8, what is 73740 + -7?
73731
In base 5, what is -214003 + -3?
-214011
In base 4, what is -1 + -13102100?
-13102101
In base 16, what is 548a0 - 8?
54898
In base 3, what is -11012 - 1?
-11020
In base 11, what is 2870 - 7?
2864
In base 6, what is 3 - 111521?
-111514
In base 6, what is 0 - -20543222?
20543222
In base 14, what is 191 + -36a?
-1b9
In base 4, what is -10132113 - -211?
-10131302
In base 3, what is -100220 - -220200?
112210
In base 9, what is 60 + -56426?
-56356
In base 6, what is 41 + -1432422?
-1432341
In base 16, what is -2977 + -3c?
-29b3
In base 10, what is -6512 - 2?
-6514
In base 9, what is -10 + 8427?
8417
In base 11, what is -616023 - -3?
-616020
In base 9, what is 33 - -412?
445
In base 10, what is 4649869 + 1?
4649870
In base 5, what is -120322 + -20?
-120342
In base 2, what is 0 - 100100110?
-100100110
In base 12, what is 0 - 5661a?
-5661a
In base 4, what is 21 + 302?
323
In base 15, what is c3 - dc?
-19
In base 13, what is 339 - 0?
339
In base 16, what is 1165 + 1a?
117f
In base 14, what is 1 - -902?
903
In base 6, what is 4212401 - 12?
4212345
In base 5, what is -202230 - -14?
-202211
In base 15, what is 56 + -2a3?
-24c
In base 8, what is 1 + -22413?
-22412
In base 9, what is -4 - -247130?
247125
In base 5, what is 3003 - 3101?
-43
In base 16, what is -66d - -14c?
-521
In base 16, what is 5 + de59?
de5e
In base 9, what is 511 - 20731?
-20220
In base 16, what is 32b1 - 2?
32af
In base 5, what is -142 + 340?
143
In base 15, what is 16a23 + 1?
16a24
In base 12, what is 9 - -124b9?
12506
In base 15, what is 1e + -815?
-7e6
In base 4, what is 223 + 323010?
323233
In base 14, what is 4 + -906c?
-9068
In base 13, what is -31974 - 3b?
-319b2
In base 12, what is 8 - -1002?
100a
In base 8, what is -21 - 4267?
-4310
In base 13, what is -16 - 337b?
-3394
In base 9, what is -10 - 16571?
-16581
In base 9, what is -1363 + -2063?
-3436
In base 15, what is 14a772 + -2?
14a770
In base 10, what is 436902 - -3?
436905
In base 9, what is 441 - 28?
412
In base 2, what is 110001010100010 + -1001110?
110001001010100
In base 9, what is -727858 - -3?
-727855
In base 3, what is -2 + 1020120101?
1020120022
In base 4, what is 1001 - 32313?
-31312
In base 2, what is -100 - 100100011001101110110?
-100100011001101111010
In base 16, what is -78 - -1d9?
161
In base 14, what is 23603 + 0?
23603
In base 14, what is -1045a - -5?
-10455
In base 8, what is -117446 - -27?
-117417
In base 16, what is -1b0ac + -5?
-1b0b1
In base 2, what is -110 - -1001101001111?
1001101001001
In base 7, what is 51 - 62134?
-62053
In base 13, what is -194 + -346?
-50a
In base 4, what is -13 + 102133100?
102133021
In base 6, what is -241 + 543?
302
In base 4, what is -1003311 + 0?
-1003311
In base 15, what is -dd19b + 1?
-dd19a
In base 13, what is 39 + 1827?
1863
In base 15, what is -640 - 96?
-6d6
In base 14, what is -2d6 - 36?
-32c
In base 5, what is 110014400 - -11?
110014411
In base 6, what is 5512 + -202?
5310
In base 16, what is -2 - -a7dc?
a7da
In base 13, what is -1 - 2899?
-289a
In base 10, what is 36 + 84?
120
In base 2, what is -100101 - -10010100000?
10001111011
In base 7, what is -20651 - 42?
-21023
In base 6, what is -4054 - -3352?
-302
In base 10, what is 589311 - -4?
589315
In base 2, what is -10101101110 - -101000?
-10101000110
In base 13, what is -14 + -4a336?
-4a34a
In base 8, what is 36 - 41551?
-41513
In base 9, what is 2521 + 20?
2541
In base 16, what is -1 + 748d?
748c
In base 15, what is -320 - -1b?
-304
In base 14, what is -d6489 - 4?
-d648d
In base 9, what is -420 - -4?
-415
In base 14, what is 68c1 + 3c?
691d
In base 5, what is 1314420 - -120?
1320040
In base 10, what is 16 - 36564?
-36548
In b